. Calculate the remainder when ((-4)/(-4))/((-1)/(-7)) + 13 is divided by p(-6).
0
Let p = -16 - -135. Calculate the remainder when p is divided by 21.
14
Let h = 1534 - 1500. Calculate the remainder when 2275 is divided by h.
31
Let v = 242 + -180. Suppose -v = -9*n + 10. Calculate the remainder when 503 is divided by n.
7
What is the remainder when 808 is divided by 468/351 - (-9)/((-54)/(-2080))?
112
Suppose 2*y - 20*o + 24*o = 4566, -2275 = -y - 3*o. What is the remainder when y is divided by 570?
19
Let r = 205 + -172. Suppose -1080 = 6*y - r*y. What is the remainder when 78 is divided by y?
38
Let o be 635/13 - 6/(-39). Suppose -45*a + o*a - 12 = 0. Suppose 5*b + h - 187 = 0, -87 = -a*b - 5*h + 12. Calculate the remainder when b is divided by 13.
12
What is the remainder when 123 is divided by ((-26)/39*24/(-10))/(6/120)?
27
Calculate the remainder when (-12 + 14)/(8/14052) is divided by 14.
13
Let m(l) = -l**2 + 31*l + 585. Suppose -3*c = c - 168. Calculate the remainder when m(44) is divided by ((-2)/4)/((-3)/c).
6
Suppose 7763 = -32*n + 19932 + 49143. What is the remainder when n is divided by 160?
156
Let n = -3488 + 3577. What is the remainder when 209 is divided by n?
31
Suppose 213 = 5*s - 3*l, -23*l = 4*s - 19*l - 164. What is the remainder when s is divided by 31?
11
Let k = 10351 + -8576. What is the remainder when k is divided by 14?
11
Let k(w) = -7*w**2 - 427*w + 48. Calculate the remainder when 861 is divided by k(-61).
45
Let d = -1 - -23. What is the remainder when (-6831)/(-105) + (1442/490 - 3) is divided by d?
21
Suppose w - 3 + 6 = 0. Suppose 3*u + 119 = 3*m + 4*u, 4*u + 16 = 0. What is the remainder when m is divided by ((-1)/(-3) + -1)*w + 9?
8
Let d = -2013 + 2025. Calculate the remainder when (-41*1)/(3/(-6)) is divided by (165/(-30))/((-3)/d).
16
What is the remainder when 9429 is divided by (5764/(-352))/(2/(-16)) + 0?
128
Suppose 0 = -2*p + 10 - 4. Let l(h) = -3*h**2 - 3*h + 8. Let z be l(2). Calculate the remainder when 43 is divided by p/9*(2 - z) - -4.
3
Let o(p) = -p**3 - 33*p**2 - 2*p - 43. Let d(x) = -2*x**2 - 28*x + 31. Let i be d(-16). What is the remainder when 85 is divided by o(i)?
16
Suppose 0 = d - 20 - 18. Let b be 48/(-72)*9/(-2). Suppose 4*i - 29 = -h, b*h + 0*i - 59 = -5*i. What is the remainder when d is divided by h?
12
Let f(w) = 12*w - 773. What is the remainder when 245 is divided by f(68)?
30
Let i = 3770 - 3734. What is the remainder when 201 is divided by i?
21
Suppose 2*g = 2*n - 2, 24 = 7*g - 6*g + 4*n. What is the remainder when 1 - (-4 + g) - -27 is divided by (3 + -2 - 5)/((-2)/8)?
12
Suppose 18*b - 7*b = 891. Let w = -48 + b. What is the remainder when 524 is divided by w?
29
Let g = -224 - -228. Suppose 7*c - g*c = 78. What is the remainder when ((-28)/(-6))/((-2)/(-33)) is divided by c?
25
Let h(p) = 29*p + 7. Let b(g) = -2*g**3 - 94*g**2 + 73*g - 1058. Calculate the remainder when h(6) is divided by b(-48).
43
Let a = -17 - -35. Let o = a - -15. What is the remainder when o is divided by (9/6)/((-7)/(-84))?
15
Let x = 6 - -24. Calculate the remainder when (152/24)/(2/x) is divided by 32.
31
Suppose -u = 5, 9*u = 3*b + 7*u - 31. Suppose 2*y + 3*m = 101, y - 3*m = m + 67. What is the remainder when y is divided by b?
6
Let f be (-3*25/(-30))/(10/168). Let x = 58 - f. Suppose 3*i - 6*i + 93 = 0. What is the remainder when i is divided by x?
15
Suppose -5*q - 1200 = -3*y, -2016 = 301*y - 306*y + 3*q. What is the remainder when y is divided by 108?
81
Let k(n) = 166 - 179 + 18*n**2 - 3*n**3 + 20*n + n**3 + n**3. Let x be k(19). Suppose 0 = x*a - 3*a - 141. Calculate the remainder when a is divided by 16.
15
Let r = -480 - -736. What is the remainder when r is divided by 5?
1
Suppose 6 = -69*r + 72*r. Suppose 0 = -2*c + 2, -4*v = -0*c - r*c - 106. What is the remainder when 43 is divided by v?
16
Let f(c) = -c**3 + 11*c**2 - 12*c + 18. Calculate the remainder when f(4) is divided by (-9 - -5)/(-1) + 0 + 1.
2
Let b(o) = -36*o**2 - 2809*o - 9. Calculate the remainder when 112 is divided by b(-78).
43
Let x(g) = 3 + 5*g - 2*g + 7*g. What is the remainder when x(15) is divided by 22?
21
Suppose -3*m + 37 = -3*c + 1, -c + 24 = 2*m. Suppose -6*j + m = -12. Suppose 5*g - q + 8 = 29, 0 = j*g + q - 15. What is the remainder when 19 is divided by g?
3
Let h(v) = -v**2 + 32*v - 41. Let p(x) = -5*x - 31. Let o be p(-12). Calculate the remainder when 181 is divided by h(o).
43
Let d be 2074/51 + (-4)/6. Let q = d + 83. Calculate the remainder when q is divided by 14.
11
Let w(x) = 3*x**2 + 20*x - 10. Calculate the remainder when w(9) is divided by (3 - 21/6)/((-10)/180).
8
Let a = 35134 - 35011. What is the remainder when 362 is divided by a?
116
Calculate the remainder when ((-23)/(-2))/((-13)/(-130)) is divided by ((-8000)/1400)/(4/(-14)).
15
Suppose -11 = -o - 5*q, -2*q + q = 0. Suppose 89 = -2*p + o. Let u = p - -82. Calculate the remainder when u is divided by 22.
21
Suppose 0 = 3*d - 13 + 37. Calculate the remainder when 150 is divided by 266/2*(d - (-174)/21).
36
Suppose 0 = -p + 3*a + 1854 - 1830, 0 = -2*a - 4. Calculate the remainder when 10813 is divided by p.
13
Let i be (-13 - 40)/((-2 + 3)*-1). Suppose -41*t + i*t = 1884. What is the remainder when t is divided by 54?
49
Suppose 0 = -5*l - 3*w + 8*w - 855, 0 = 3*l - 4*w + 512. Let t = l + 242. What is the remainder when t is divided by 40?
30
Let g = 4008 + -3647. Calculate the remainder when g is divided by 182.
179
Let f(u) = u**3 + 12*u**2 + 4*u + 11. What is the remainder when f(-8) is divided by 89?
57
Let h = 19798 - 16362. What is the remainder when h is divided by 40?
36
Suppose -30 - 75 = -3*u + 288. Calculate the remainder when 654 is divided by u.
130
What is the remainder when (-1032)/15*(260/8)/(-13) is divided by 3/1*77/33?
4
Let r(a) = 152*a - 182. What is the remainder when r(3) is divided by 55?
54
Suppose -173*b + 170*b = -12. Suppose 0*g - 5*g + 4*r = -64, 3*g = -5*r + 31. Let u = g + -5. Calculate the remainder when u is divided by b.
3
Suppose 175*y - 1361 - 3844 = 5645. Calculate the remainder when 3096 is divided by y.
58
Suppose 2*r = -4*w, -4*w + 3*r - 18 = 2. Calculate the remainder when 53 is divided by 20/3 + (-11)/((-33)/w).
5
Suppose 0 = 5*o - 5*j - 15, -4*o + j + 24 = -0*j. What is the remainder when ((-3)/(-6))/(4 + 1812/(-456)) is divided by o?
5
Let x = -28 - -46. Suppose -4*z + x + 50 = 0. Suppose 53 - 3 = 5*n - 4*f, 40 = 4*n + 2*f. Calculate the remainder when z is divided by n.
7
Suppose -51*w + 6179 = -10855. What is the remainder when w is divided by 21?
19
Suppose 165*a - 196*a + 11098 = 0. What is the remainder when a is divided by 63?
43
Let r = -8 + 39. Let f = 2442 - 2421. Calculate the remainder when r is divided by f.
10
Suppose -z + 138 = 2*r, z - r - 57 = 78. Calculate the remainder when 525 is divided by z.
117
What is the remainder when ((-4972)/(-33))/(190/45 - 4) is divided by 22?
18
Let o be (-5)/(8 - 13)*(-1 - -6). Calculate the remainder when 115 is divided by -4 - ((-164)/o + (-19)/95).
28
Calculate the remainder when 72 is divided by -145*(-7)/(-70)*-4.
14
Let z = -4680 - -4729. What is the remainder when 635 is divided by z?
47
Let u(w) be the first derivative of -w**3/3 - 10*w**2 - 42*w - 56. Calculate the remainder when 283 is divided by u(-16).
19
Let l be 4/((-10)/5)*-1. Suppose 0 = 7*k + l*k - 54. Suppose -37 = -k*i + 143. What is the remainder when 119 is divided by i?
29
Suppose -q - 11 = -17. Let s(x) = x**2 - 5*x - 22. Let m be s(q). Let y = 26 + m. Calculate the remainder when 23 is divided by y.
3
Suppose 192*n - 65*n - 315198 = -224*n. What is the remainder when n is divided by 8?
2
Let z(y) = 9*y + 2*y + 20 - 31. Let v be z(2). Suppose -l - v = -61. What is the remainder when l is divided by 17?
16
Let o(d) = 10*d**2 + 55*d + 2. Let q be (2/(-6))/(12/216). Calculate the remainder when o(q) is divided by 18.
14
Let t = -10904 - -10942. Suppose -y + 62 = -202. What is the remainder when y is divided by t?
36
Suppose 24 = -2*q + 56. Suppose -12*a - 124 = -q*a. What is the remainder when 120 is divided by a?
27
Suppose 17*w = 186 + 154. Let c(s) = -6*s + 227. Let o(b) = 2*b**2 + 8*b + 3. Calculate the remainder when c(w) is divided by o(-6).
26
Let z(k) = k**2 + 